et y(h) = -11*h + 157. Determine y(8).
69
Let p(t) = -160*t**2 - 3*t + 2. Calculate p(-1).
-155
Let s(g) = 2*g**2 - g - 64. What is s(-5)?
-9
Let b(h) = 3*h**2 - 311*h + 3152. Calculate b(11).
94
Let p(b) = -191*b - 82. Calculate p(-2).
300
Let m(j) = 80*j + 795. Determine m(-10).
-5
Let d(t) = 6*t**2 + 59*t + 1. What is d(-14)?
351
Let f(r) = -33*r**2 - 9*r - 12. Give f(-3).
-282
Let r(l) = -218*l**2 - 27*l - 28. What is r(-1)?
-219
Let c(p) = -7798*p - 23388. What is c(-3)?
6
Let x(d) = -d**2 + 8186*d - 49077. Give x(6).
3
Let c(m) = 28*m**2 - 551*m - 182. Determine c(20).
-2
Let a(z) = 3*z**2 + 8*z - 2. Calculate a(-3).
1
Let g(w) = w**2 + 11*w - 143. What is g(-21)?
67
Let k(g) = -g**3 + 103*g**2 + 116*g - 1159. Determine k(104).
89
Let k(x) = 335*x + 1338. What is k(-4)?
-2
Let r(i) = -74*i**2 - 26*i - 26. Calculate r(-1).
-74
Let h(r) = -516*r - 2078. What is h(-4)?
-14
Let n(z) = 3*z**2 + 30*z + 111. Determine n(-23).
1008
Let u(o) = o**2 + 20*o - 911. Give u(21).
-50
Let z(g) = 2344*g - 16402. What is z(7)?
6
Let m(n) = -12*n**2 + 9*n + 17. Give m(-5).
-328
Let b(u) = -13*u + 5. Determine b(0).
5
Let t(x) = -17*x**2 + 76*x - 227. Determine t(3).
-152
Let d(m) = m**3 + 11*m**2 + 26*m + 72. Give d(-10).
-88
Let x(a) = 1069*a - 26672. What is x(25)?
53
Let z(h) = 177*h - 1668. Calculate z(9).
-75
Let h(u) = -u**3 - 4*u**2 + 47*u + 185. Determine h(-7).
3
Let a(t) = 7*t**2 + 120*t + 490. Determine a(-4).
122
Let j(a) = 119*a**2 - 4045*a - 19. Calculate j(34).
15
Let s(z) = -z**3 - 14*z**2 + 63*z + 984. What is s(-13)?
-4
Let m(d) = 2*d**3 + 41*d**2 - 19*d + 76. What is m(-21)?
34
Let y(t) = -2*t**3 + 29*t**2 + 19*t - 758. Determine y(13).
-4
Let s(v) = -4*v**3 - 8*v - 21. Determine s(-2).
27
Let l(x) = -7*x - 87. What is l(3)?
-108
Let y(u) = -544*u - 1627. Determine y(-3).
5
Let t(j) = 33*j**2 + 2077*j - 128. Calculate t(-63).
-2
Let o(w) = 28*w**2 - 643*w - 11. Determine o(23).
12
Let y(n) = n**2 + 156*n - 2193. Give y(13).
4
Let q(s) = -s**3 + 82*s**2 - 1241*s + 101. Determine q(62).
39
Let p(w) = w**3 - 19*w**2 + 39*w - 383. Determine p(18).
-5
Let c(p) = p**2 - 248*p + 1217. Give c(5).
2
Let d(i) = -14*i - 269. Calculate d(-19).
-3
Let z(u) = 9*u**2 + 125*u - 1579. Determine z(8).
-3
Let h(k) = -162*k**3 + 4*k**2 + 2*k - 2. Calculate h(-1).
162
Let h(v) = -15*v**2 - 28*v - 10. What is h(-4)?
-138
Let z(l) = 4*l + 147. Give z(-25).
47
Let f(h) = -h**2 - 32*h + 318. Determine f(-43).
-155
Let l(f) = -157*f - 14130. Determine l(-90).
0
Let m(r) = r**3 - 6*r**2 + 11*r - 17. Determine m(5).
13
Let b(k) = k**2 - 58*k + 615. Calculate b(44).
-1
Let c(b) = 2*b**2 - 24*b + 10. Give c(12).
10
Let o(y) = y**3 + 89*y**2 + 255*y - 253. Give o(-86).
5
Let c(q) = -5*q**2 - 37*q + 955. Determine c(-18).
1
Let a(n) = 4*n**3 + n**2 - 3*n - 3. Give a(3).
105
Let b(n) = 165*n - 675. Calculate b(3).
-180
Let f(k) = -k**2 - 14*k + 353. Determine f(17).
-174
Let k(u) = -u**2 + 96*u - 1166. Determine k(81).
49
Let p(b) = -4487*b - 4334. Determine p(-1).
153
Let b(l) = -845*l + 37186. Calculate b(44).
6
Let x(g) = g**3 + 14*g**2 + 51*g - 20. What is x(-8)?
-44
Let n(v) = 2*v**2 - 37*v + 18. Calculate n(21).
123
Let q(o) = -82*o - 1168. Determine q(-14).
-20
Let h(n) = -2463*n + 19691. Calculate h(8).
-13
Let x(c) = -c**3 + c**2 + 48*c - 130. What is x(3)?
-4
Let f(x) = -2*x**3 + 63*x**2 + 322*x + 78. Determine f(36).
6
Let o(g) = -1150*g**2 + 12652*g - 12. Calculate o(11).
10
Let u(i) = -3*i + 19. What is u(21)?
-44
Let c(o) = o**2 - 20*o + 74. Calculate c(14).
-10
Let h(j) = -21*j**2 + 216*j + 175. Determine h(11).
10
Let p(c) = -c**2 - 16*c - 31. Determine p(-2).
-3
Let y(c) = c**3 - 70*c**2 - 133*c - 777. Give y(72).
15
Let y(i) = i**2 + 1123*i + 10030. What is y(-9)?
4
Let h(z) = 12*z**2 + 89*z + 33. Calculate h(-7).
-2
Let z(a) = 3*a**3 - 42*a**2 - 35*a - 83. Calculate z(15).
67
Let t(l) = 249*l - 667. Give t(2).
-169
Let a(v) = -3*v**3 - 322*v**2 - 415*v + 951. Calculate a(-106).
-3
Let o(k) = k**2 - 447*k - 1749. Determine o(-4).
55
Let c(k) = 44*k**3 + 3*k**2 - 11*k + 8. Calculate c(1).
44
Let r(c) = -2*c**3 + 224*c**2 + 242*c - 1799. What is r(113)?
9
Let z(d) = d**2 - 81*d - 1220. What is z(-13)?
2
Let h(k) = 985*k - 39384. Calculate h(40).
16
Let g(x) = -18*x + 1403. Calculate g(54).
431
Let h(n) = -n**2 + 9*n - 54. Calculate h(0).
-54
Let f(b) = 1788*b - 21451. Give f(12).
5
Let n(a) = -9*a - 640. What is n(-71)?
-1
Let z(k) = k**3 - 9*k**2 - 133*k + 1247. What is z(11)?
26
Let d(q) = -5*q**3 + 77*q**2 + 136*q + 18. Determine d(17).
18
Let b(p) = -385*p + 11168. Give b(29).
3
Let y(o) = 4*o**2 - 677*o - 6411. What is y(-9)?
6
Let j(a) = 8*a**3 + a**2 - 123*a + 122. What is j(1)?
8
Let m(j) = -2*j**2 - 33*j + 1761. Give m(-39).
6
Let y(n) = -3*n**2 - 123*n - 1098. Calculate y(-13).
-6
Let x(v) = -2*v**2 - 51*v + 883. Give x(12).
-17
Let n(t) = -15*t**2 - t - 7. Determine n(0).
-7
Let z(p) = 3*p**2 - 2356*p + 17. What is z(0)?
17
Let l(i) = 3*i**2 - 135*i + 1304. Determine l(31).
2
Let d(x) = -62*x + 30. Give d(0).
30
Let a(x) = -9*x + 5. Calculate a(3).
-22
Let o(z) = 12*z + 40. Determine o(-49).
-548
Let h(f) = 10*f - 769. Calculate h(64).
-129
Let i(x) = -x**2 - 10*x - 344. What is i(-20)?
-544
Let c(j) = j**2 - 20*j + 102. Determine c(10).
2
Let c(s) = -31*s - 2924. Calculate c(-97).
83
Let h(f) = -54*f + 3743. Determine h(64).
287
Let g(n) = 5063*n + 10149. Calculate g(-2).
23
Let c(n) = -5*n - 255. What is c(-38)?
-65
Let a(q) = -279*q + 9768. Give a(35).
3
Let g(h) = h**3 + 12*h**2 - 45*h - 647. What is g(-10)?
3
Let t(q) = -69*q + 9213. Give t(133).
36
Let b(c) = -1112*c - 5555. Calculate b(-5).
5
Let y(d) = -8*d**3 + 4*d**2 + 6*d - 29. Calculate y(3).
-191
Let q(o) = 2*o**3 + 211*o**2 - 109*o - 337. Determine q(-106).
-19
Let i(x) = x**3 + 68*x**2 - 3*x - 216. What is i(-68)?
-12
Let r(b) = -15*b - 682. Give r(-43).
-37
Let w(r) = -r**3 - 105*r**2 + 216*r + 206. Determine w(-107).
-8
Let f(r) = -35*r**2 - 7*r - 6. Calculate f(2).
-160
Let w(q) = -q**2 + 99*q + 543. Calculate w(104).
23
Let p(g) = -g**2 + 50*g + 128. Give p(53).
-31
Let p(q) = q**2 - 2*q + 17. Give p(5).
32
Let v(i) = -i**3 - i**2 + 43*i - 11. Determine v(0).
-11
Let w(p) = -18*p**2 + 87*p - 72. Determine w(4).
-12
Let b(y) = -y**3 - 2*y**2 - 9*y - 22. Determine b(-5).
98
Let c(t) = 13*t**2 + 288*t + 1108. What is c(-5)?
-7
Let w(i) = -2193*i + 5. Calculate w(0).
5
Let u(z) = z**2 + 37*z + 446. Determine u(-40).
566
Let b(r) = 23*r + 86. Calculate b(-3).
17
Let c(y) = -140*y**2 - 26041*y - 174. Give c(-186).
12
Let k(l) = 114*l - 6604. Determine k(58).
8
Let y(c) = c**3 + 12*c**2 + 27*c - 21. Give y(-9).
-21
Let d(z) = -z**3 + 8*z**2 + 7*z - 42. Give d(9).
-60
Let g(a) = 133*a + 1210. Determine g(-9).
13
Let a(s) = 169*s - 2597. Give a(13).
-400
Let a(z) = -2*z**3 - 52*z**2 - 36*z - 23. Determine a(-25).
-373
Let h(w) = -49*w + 50. Calculate h(1).
1
Let t(b) = -3*b**2 + 38*b + 39. Give t(14).
-17
Let y(t) = -2*t**3 - 32*t**2 + 33*t. What is y(-17)?
17
Let h(k) = k**2 + 102*k + 2240. Determine h(-70).
0
Let j(l) = -15*l**2 + 50*l + 58. What is j(4)?
18
Let q(y) = 4750*y - 61738. Determine q(13).
12
Let s(i) = -i**3 - 14*i**2 - 37*i + 49. Determine s(-13).
361
Let c(o) = o**3 - 12*o**2 + 25*o - 214. Give c(12).
86
Let g(y) = -57*y - 2259. Give g(-39).
-36
Let d(h) = -6*h**3 - h**2 - 34*h - 35. Determine d(-1).
4
Let r(t) = t**2 + 5*t - 2. Determine r(-8).
22
Let u(o) = -o**2 - 4*o + 27. Give u(4).
-5
Let k(q) = -110*q - 5612. Give k(-51).
-2
Let i(z) = -163*z**2 + 4*z - 1. Give i(1).
-160
Let a(v) = -381*v - 80002. What is a(-210)?
8
Let p(f) = f**3 + 30*f**2 + 2049. Give p(-32).
1
Let a(g) = -2*g**2 - 149*g + 801. Determine a(5).
6
Let y(d) = -3*d**3 + 18*d**2 - 71*d + 428. Determine y(6).
2
Let m(g) = 3*g**3 - 2*g**2 - 2*g + 3. What is m(5)?
318
Let w(r) = 2*r**2 + 245*r + 1865. Give w(-8).
33
Let j(t) = 184*t - 2861. What is j(16)?
83
Let w(c) = c**3 - 51*c**2 - 369*c + 4. What is w(-7)?
-255
Let o(u) = -u**2 - 35*u - 23. Determine o(-2).
43
Let a(l) = 678*l - 4064. Calculate a(6).
4
Let h(o) = -10*o**2 - 216*o + 7. Calculate h(-19).
501
Let j(s) = 10*s - 829. Calculate j(70).
-129
Let k(n) = 8810*n - 35246. Determine k(4).
-6
Let u(s) = 2*s**3 - 23*s**2 - 358*s + 4150